400
What is 135500 (base 6) in base 14?
49d2
Convert 221202121 (base 3) to base 7.
105520
What is 1036 (base 9) in base 16?
2fa
What is -34a (base 14) in base 9?
-806
-3215 (base 7) to base 11
-946
3264 (base 7) to base 11
977
Convert 655 (base 10) to base 7.
1624
What is 2222 (base 5) in base 8?
470
-12201122 (base 3) to base 13
-1b92
6597 (base 10) to base 8
14705
Convert -345 (base 6) to base 5.
-1022
Convert -1a253 (base 15) to base 14.
-22d27
555 (base 6) to base 9
258
Convert -42d (base 15) to base 13.
-577
-7820 (base 14) to base 13
-9614
What is 19f (base 16) in base 9?
511
What is -6a4 (base 13) in base 11?
-954
-313 (base 4) to base 6
-131
What is 165311 (base 7) in base 3?
1200101022
-1000010111001010 (base 2) to base 9
-51875
What is -124410 (base 5) in base 15?
-1720
1245 (base 9) to base 11
778
Convert 232323 (base 4) to base 14.
1147
347b (base 13) to base 14
2985
What is -34b6 (base 14) in base 11?
-6992
-2022 (base 6) to base 13
-284
-10112202 (base 3) to base 13
-123b
Convert -201102 (base 3) to base 7.
-1346
Convert -2220 (base 5) to base 16.
-136
-130444 (base 5) to base 15
-17b9
What is 2434 (base 7) in base 5?
12112
What is 100100111010 (base 2) in base 4?
210322
What is -2a41 (base 13) in base 9?
-8368
Convert -1f0 (base 16) to base 2.
-111110000
Convert -467 (base 13) to base 10.
-761
-3101 (base 8) to base 2
-11001000001
Convert -3621 (base 7) to base 16.
-53a
Convert -3306 (base 9) to base 5.
-34221
What is 123144 (base 5) in base 6?
34115
-44b (base 14) to base 4
-31103
1210010112 (base 3) to base 11
243a8
11100010 (base 2) to base 5
1401
What is 202230 (base 4) in base 14?
b48
Convert 4044033 (base 5) to base 15.
1462d
What is 9d (base 16) in base 5?
1112
Convert -10b6 (base 12) to base 4.
-131022
22313 (base 7) to base 10
5645
What is -62425 (base 8) in base 12?
-12b85
-cb (base 13) to base 7
-326
75 (base 14) to base 13
7c
-4f (base 16) to base 11
-72
b5 (base 14) to base 5
1114
What is 2979 (base 15) in base 9?
13166
What is 11538 (base 12) in base 6?
255312
What is 12030 (base 6) in base 14?
8ca
Convert 20200222 (base 3) to base 11.
3742
2028 (base 9) to base 14
780
Convert -202002 (base 3) to base 13.
-329
Convert -309 (base 16) to base 11.
-647
What is 4022113 (base 5) in base 3?
10020211121
Convert -426 (base 12) to base 15.
-2a6
Convert 1293 (base 15) to base 14.
1631
Convert 36858 (base 9) to base 8.
60266
1070 (base 11) to base 10
1408
-41a (base 12) to base 3
-211011
Convert -2409 (base 12) to base 11.
-3044
-61216 (base 7) to base 4
-3220030
Convert 60078 (base 10) to base 12.
2a926
2022 (base 4) to base 8
212
535 (base 7) to base 15
131
2e95 (base 15) to base 7
41162
-58432 (base 9) to base 12
-1a692
10110100110010 (base 2) to base 5
332240
What is 1571 (base 10) in base 4?
120203
What is d77 (base 16) in base 5?
102242
Convert -1377 (base 8) to base 9.
-1042
-411e (base 16) to base 15
-4e15
154a (base 12) to base 7
10210
8177 (base 9) to base 6
43411
What is -3045 (base 6) in base 14?
-365
Convert -1010110110100 (base 2) to base 3.
-21121210
Convert 2355 (base 10) to base 12.
1443
-200434 (base 5) to base 12
-3829
-ac (base 13) to base 8
-216
What is -a8c0 (base 14) in base 7?
-151030
Convert 1001110010110 (base 2) to base 8.
11626
What is -4a08 (base 12) in base 10?
-8360
-11223 (base 4) to base 13
-21c
Convert 4c5f (base 16) to base 5.
1111201
What is -130423 (base 5) in base 8?
-11771
124 (base 7) to base 2
1000011
Convert 315 (base 15) to base 5.
10240
-4163 (base 8) to base 13
-ca5
-5770 (base 12) to base 10
-9732
What is 11113322 (base 4) in base 2?
101010111111010
What is 100100111011 (base 2) in base 10?
2363
Convert a7ac (base 14) to base 8.
70444
-45564 (base 7) to base 10
-11610
Convert -138b2 (base 16) to base 13.
-2a589
-10a2 (base 14) to base 15
-cc6
Convert -102555 (base 6) to base 11.
-6368
33e (base 15) to base 14
3a6
Convert 105145 (base 7) to base 4.
10202230
2443 (base 5) to base 9
454
31123 (base 5) to base 13
c0a
-300444 (base 7) to base 6
-1030253
Convert 1240 (base 5) to base 6.
523
670 (base 9) to base 2
1000100101
32300 (base 5) to base 6
14104
-4010 (base 7) to base 12
-96b
-c264 (base 15) to base 12
-1b904
-23126 (base 8) to base 9
-14414
-1212240 (base 5) to base 13
-a505
202001 (base 4) to base 8
4201
What is 412b (base 13) in base 9?
13303
Convert -182 (base 12) to base 13.
-158
-31021 (base 5) to base 15
-8e1
What is -64b7 (base 12) in base 4?
-2231023
-6017 (base 9) to base 14
-1858
-1440344 (base 5) to base 6
-354124
What is 38a (base 15) in base 10?
805
What is 333300 (base 4) in base 10?
4080
Convert -6b46 (base 13) to base 11.
-10387
What is 12030202 (base 4) in base 5?
1303003
What is 33401 (base 5) in base 16?
92f
What is 1216 (base 7) in base 2?
111000110
Convert 23505 (base 7) to base 6.
44053
Convert -9866 (base 10) to base 16.
-268a
-556 (base 10) to base 8
-1054
Convert -20773 (base 9) to base 10.
-13755
What is -1007 (base 8) in base 13?
-30c
What is 1111001100011 (base 2) in base 11?
5932
-1209 (base 15) to base 7
-14115
1907 (base 11) to base 13
1149
-13 (base 9) to base 3
-110
Convert -10012 (base 4) to base 8.
-406
What is 12120020 (base 3) in base 16?
fd8
Convert 266a (base 16) to base 3.
111111020
Convert -1011011000000 (base 2) to base 16.
-16c0
Convert -4224 (base 5) to base 12.
-3b0
Convert -728 (base 9) to base 4.
-21101
-31230 (base 8) to base 11
-9805
-ab3 (base 15) to base 3
-10022120
Convert 11030 (base 4) to base 7.
653
What is -469 (base 16) in base 7?
-3202
Convert 3881 (base 9) to base 16.
b5c
Convert -500 (base 8) to base 14.
-18c
What is -1341 (base 11) in base 3?
-2101102
What is -27755 (base 10) in base 16?
-6c6b
-340 (base 14) to base 5
-10034
357 (base 12) to base 13
2c5
16420 (base 7) to base 4
1020331
Convert -10000101101011 (base 2) to base 12.
-4b4b
What is -3a1 (base 13) in base 12?
-452
Convert -10101101111 (base 2) to base 13.
-830
Convert 13b (base 15) to base 8.
431
Convert -4e1 (base 15) to base 13.
-676
Convert 1101 (base 7) to base 15.
1b3
What is 102101 (base 4) in base 2?
10010010001
-4064 (base 7) to base 5
-21133
-332 (base 6) to base 4
-2000
What is -efb (base 16) in base 10?
-3835
What is 2227 (base 13) in base 6?
34021
1010022202 (base 3) to base 7
121310
What is -591 (base 13) in base 11?
-7a6
Convert -635 (base 7) to base 11.
-271
What is -12510 (base 6) in base 13?
-b43
Convert 936 (base 11) to base 2.
10001101000
What is 201131 (base 4) in base 16?
85d
Convert -1e5 (base 16) to base 8.
-745
3012 (base 5) to base 4
11332
What is 1123 (base 6) in base 3?
100220
What is 1152 (base 8) in base 7?
1542
2b2 (base 15) to base 3
211212
Convert 253 (base 12) to base 13.
210
What is 111012 (base 3) in base 13?
215
What is -3021 (base 4) in base 16?
-c9
-3323 (base 7) to base 4
-102221
1644 (base 12) to base 15
bb4
What is 440 (base 7) in base 16?
e0
329 (base 10) to base 9
405
1200 (base 7) to base 10
441
What is 1001101100111 (base 2) in base 15?
1712
What is -271 (base 11) in base 7?
-635
What is -182 (base 10) in base 4?
-2312
What is 121043 (base 5) in base 3?
20012112
1b5 (base 16) to base 9
535
-4512 (base 6) to base 5
-13202
Convert 303031 (base 4) to base 13.
1651
What is -5868 (base 11) in base 15?
-2432
110011101 (base 2) to base 16
19d
Convert -3470 (base 9) to base 2.
-101000001110
What is 1dd (base 16) in base 11?
3a4
-806 (base 10) to base 12
-572
Convert 2458 (base 10) to base 2.
100110011010
What is -2224 (base 10) in base 3?
-10001101
Convert -287 (base 12) to base 15.
-1b1
-1514 (base 7) to base 4
-21113
-3a9b (base 12) to base 6
-51115
-243 (base 7) to base 15
-89
-137 (base 10) to base 5
-1022
What is 220210221 (base 3) in base 8?
43250
Convert -3312 (base 4) to base 12.
-186
-19 (base 13) to base 3
-211
What is -274 (base 9) in base 8?
-345
Convert 35aa (base 14) to base 12.
5502
-3055 (base 8) to base 12
-ab9
Convert -2222110 (base 4) to base 13.
-4c66
Convert 3252 (base 8) to base 9.
2305
13d6 (base 16) to base 8
11726
9243 (base 10) to base 12
5423
-211310 (base 4) to base 6
-15112
Convert 111100110 (base 2) to base 8.
746
Convert 101001001 (base 2) to base 9.
405
What is 3a6a (base 13) in base 8?
20261
Convert -22131 (base 7) to base 9.
-7556
What is 3939 (base 15) in base 7?
50403
2707 (base 